{"id":278,"date":"2025-06-03T15:58:29","date_gmt":"2025-06-03T13:58:29","guid":{"rendered":"https:\/\/kaminka.pionyr.cz\/2026\/?page_id=278"},"modified":"2026-02-09T14:35:52","modified_gmt":"2026-02-09T13:35:52","slug":"harmonogram","status":"publish","type":"page","link":"https:\/\/kaminka.pionyr.cz\/2026\/harmonogram\/","title":{"rendered":"Harmonogram"},"content":{"rendered":"<p>[et_pb_section fb_built=&#8220;1&#8243; fullwidth=&#8220;on&#8220; _builder_version=&#8220;4.19.4&#8243; _module_preset=&#8220;default&#8220; global_colors_info=&#8220;{}&#8220;][et_pb_fullwidth_header title=&#8220;HARMONOGRAM&#8220; _builder_version=&#8220;4.19.4&#8243; _module_preset=&#8220;9361716a-50af-4aeb-a4e4-7e5d19099a90&#8243; global_colors_info=&#8220;{}&#8220;][\/et_pb_fullwidth_header][\/et_pb_section][et_pb_section fb_built=&#8220;1&#8243; _builder_version=&#8220;4.19.4&#8243; _module_preset=&#8220;default&#8220; global_colors_info=&#8220;{}&#8220;][et_pb_row column_structure=&#8220;1_3,1_3,1_3&#8243; _builder_version=&#8220;4.19.4&#8243; _module_preset=&#8220;default&#8220; custom_padding=&#8220;0px|||||&#8220; global_colors_info=&#8220;{}&#8220;][et_pb_column type=&#8220;1_3&#8243; _builder_version=&#8220;4.19.4&#8243; _module_preset=&#8220;default&#8220; global_colors_info=&#8220;{}&#8220;][et_pb_text _builder_version=&#8220;4.27.4&#8243; _module_preset=&#8220;default&#8220; hover_enabled=&#8220;0&#8243; global_colors_info=&#8220;{}&#8220; sticky_enabled=&#8220;0&#8243;]<\/p>\n<table>\n<thead>\n<tr>\n<th style=\"text-align: center;\" colspan=\"2\">\n<h3>P\u00c1TEK 15. 5.<\/h3>\n<\/th>\n<\/tr>\n<\/thead>\n<tbody>\n<tr>\n<td><strong>od 17.00<\/strong><\/td>\n<td>p\u0159\u00edjezd \u00fa\u010dastn\u00edk\u016f, ubytov\u00e1n\u00ed<\/td>\n<\/tr>\n<tr>\n<td><strong>20.00<\/strong><\/td>\n<td>zahajovac\u00ed ritu\u00e1l p\u0159ed \u0161kolou<\/td>\n<\/tr>\n<tr>\n<td><strong>21.00<\/strong><\/td>\n<td>hospodsk\u00fd kv\u00edz<\/td>\n<\/tr>\n<\/tbody>\n<\/table>\n<p>[\/et_pb_text][\/et_pb_column][et_pb_column type=&#8220;1_3&#8243; _builder_version=&#8220;4.19.4&#8243; _module_preset=&#8220;default&#8220; global_colors_info=&#8220;{}&#8220;][et_pb_text _builder_version=&#8220;4.27.4&#8243; _module_preset=&#8220;default&#8220; hover_enabled=&#8220;0&#8243; global_colors_info=&#8220;{}&#8220; sticky_enabled=&#8220;0&#8243;]<\/p>\n<table>\n<thead>\n<tr>\n<th style=\"text-align: center;\" colspan=\"2\">\n<h3>SOBOTA 16. 5.<\/h3>\n<\/th>\n<\/tr>\n<\/thead>\n<tbody>\n<tr>\n<td><strong>6.30<\/strong><\/td>\n<td>rann\u00ed v\u00fdb\u011bh<\/td>\n<\/tr>\n<tr>\n<td><strong>7.00-8.30<\/strong><\/td>\n<td>sn\u00eddan\u011b<\/td>\n<\/tr>\n<tr>\n<td><strong>8.30<\/strong><\/td>\n<td>otev\u0159en\u00ed \u0161kolky<\/td>\n<\/tr>\n<tr>\n<td><strong>8.30-10.00<\/strong><\/td>\n<td>I. blok program\u016f<\/td>\n<\/tr>\n<tr>\n<td><strong>10.30-12.00<\/strong><\/td>\n<td>II. blok program\u016f<\/td>\n<\/tr>\n<tr>\n<td><strong>12.00-13.30<\/strong><\/td>\n<td>ob\u011bd, meditace na zahrad\u011b<\/td>\n<\/tr>\n<tr>\n<td><strong>13.30-15.00<\/strong><\/td>\n<td>III. blok program\u016f<\/td>\n<\/tr>\n<tr>\n<td><strong>15.30-17.00<\/strong><\/td>\n<td>IV. blok program\u016f<\/td>\n<\/tr>\n<tr>\n<td><strong>17.15<\/strong><\/td>\n<td>focen\u00ed p\u0159ed \u0161kolou<\/td>\n<\/tr>\n<tr>\n<td><strong>17.15-19.00<\/strong><\/td>\n<td>z\u00e1\u017eitkov\u00e9 programy venku + ve\u010de\u0159e<\/td>\n<\/tr>\n<tr>\n<td><strong>19.15-20.45<\/strong><\/td>\n<td>V. blok program\u016f<\/td>\n<\/tr>\n<tr>\n<td><strong>21.00<\/strong><\/td>\n<td>no\u010dn\u00ed hra<\/td>\n<\/tr>\n<\/tbody>\n<\/table>\n<p>[\/et_pb_text][\/et_pb_column][et_pb_column type=&#8220;1_3&#8243; _builder_version=&#8220;4.19.4&#8243; _module_preset=&#8220;default&#8220; global_colors_info=&#8220;{}&#8220;][et_pb_text _builder_version=&#8220;4.19.4&#8243; _module_preset=&#8220;default&#8220; global_colors_info=&#8220;{}&#8220;]<\/p>\n<table>\n<thead>\n<tr>\n<th style=\"text-align: center;\" colspan=\"2\">\n<h3>NED\u011aLE 17. 5.<\/h3>\n<\/th>\n<\/tr>\n<\/thead>\n<tbody>\n<tr>\n<td><strong>7.30-8.30<\/strong><\/td>\n<td>sn\u00eddan\u011b<\/td>\n<\/tr>\n<tr>\n<td><strong>8.30<\/strong><\/td>\n<td>otev\u0159en\u00ed \u0161kolky<\/td>\n<\/tr>\n<tr>\n<td><strong>8.30-10.00<\/strong><\/td>\n<td>I. blok program\u016f<\/td>\n<\/tr>\n<tr>\n<td><strong>10.30-12.00<\/strong><\/td>\n<td>II. blok program\u016f<\/td>\n<\/tr>\n<tr>\n<td><strong>13.00<\/strong><\/td>\n<td>vyklizen\u00ed \u0161koly<\/td>\n<\/tr>\n<\/tbody>\n<\/table>\n<p>[\/et_pb_text][\/et_pb_column][\/et_pb_row][\/et_pb_section]<\/p>\n","protected":false},"excerpt":{"rendered":"<p>P\u00c1TEK 15. 5. od 17.00 p\u0159\u00edjezd \u00fa\u010dastn\u00edk\u016f, ubytov\u00e1n\u00ed 20.00 zahajovac\u00ed ritu\u00e1l p\u0159ed \u0161kolou 21.00 hospodsk\u00fd kv\u00edz SOBOTA 16. 5. 6.30 rann\u00ed v\u00fdb\u011bh 7.00-8.30 sn\u00eddan\u011b 8.30 otev\u0159en\u00ed \u0161kolky 8.30-10.00 I. blok program\u016f 10.30-12.00 II. blok program\u016f 12.00-13.30 ob\u011bd, meditace na zahrad\u011b 13.30-15.00 III. blok program\u016f 15.30-17.00 IV. blok program\u016f 17.15 focen\u00ed p\u0159ed \u0161kolou 17.15-19.00 z\u00e1\u017eitkov\u00e9 programy [&hellip;]<\/p>\n","protected":false},"author":1,"featured_media":0,"parent":0,"menu_order":0,"comment_status":"closed","ping_status":"closed","template":"","meta":{"_acf_changed":false,"_et_pb_use_builder":"on","_et_pb_old_content":"","_et_gb_content_width":"","inline_featured_image":false,"footnotes":""},"class_list":["post-278","page","type-page","status-publish","hentry"],"acf":[],"_links":{"self":[{"href":"https:\/\/kaminka.pionyr.cz\/2026\/wp-json\/wp\/v2\/pages\/278","targetHints":{"allow":["GET"]}}],"collection":[{"href":"https:\/\/kaminka.pionyr.cz\/2026\/wp-json\/wp\/v2\/pages"}],"about":[{"href":"https:\/\/kaminka.pionyr.cz\/2026\/wp-json\/wp\/v2\/types\/page"}],"author":[{"embeddable":true,"href":"https:\/\/kaminka.pionyr.cz\/2026\/wp-json\/wp\/v2\/users\/1"}],"replies":[{"embeddable":true,"href":"https:\/\/kaminka.pionyr.cz\/2026\/wp-json\/wp\/v2\/comments?post=278"}],"version-history":[{"count":5,"href":"https:\/\/kaminka.pionyr.cz\/2026\/wp-json\/wp\/v2\/pages\/278\/revisions"}],"predecessor-version":[{"id":895,"href":"https:\/\/kaminka.pionyr.cz\/2026\/wp-json\/wp\/v2\/pages\/278\/revisions\/895"}],"wp:attachment":[{"href":"https:\/\/kaminka.pionyr.cz\/2026\/wp-json\/wp\/v2\/media?parent=278"}],"curies":[{"name":"wp","href":"https:\/\/api.w.org\/{rel}","templated":true}]}}